297
Convert 102111221012 (base 3) to base 4.
313111232
What is 27210761 (base 8) in base 11?
3496667
Convert -f7de4 (base 16) to base 12.
-40b658
Convert 18663 (base 13) to base 10.
47232
What is -10011000101000100010 (base 2) in base 8?
-2305042
What is -4bb6a (base 13) in base 6?
-3001450
What is -7a31b (base 13) in base 9?
-368102
101213014 (base 5) to base 12
17b371
Convert -1b48d (base 15) to base 4.
-111223033
-b9531 (base 14) to base 5
-103321140
What is -1799009 (base 11) in base 9?
-5646680
Convert 208005 (base 11) to base 5.
41122010
4087b2 (base 13) to base 9
2742175
Convert -48780b (base 13) to base 16.
-1a6762
What is 1010011110100010011 (base 2) in base 12?
146817
c334a (base 15) to base 3
1011102020121
Convert 100010011001101111111 (base 2) to base 16.
11337f
36220404 (base 8) to base 12
27a9b18
What is 79213 (base 11) in base 13?
402aa
-176522 (base 12) to base 5
-100430343
What is 6103895 (base 10) in base 7?
102611420
What is 7a18874 (base 11) in base 16?
d6330f
Convert 6651104 (base 8) to base 10.
1790532
-2123100000 (base 4) to base 3
-1012022022000
Convert -12011453 (base 9) to base 8.
-26250511
103222313 (base 5) to base 7
3533230
What is 2402023133 (base 5) in base 13?
11a8233
-1524033 (base 7) to base 4
-302300022
Convert 88bb3 (base 12) to base 6.
3515543
What is -3032472 (base 10) in base 9?
-5631683
What is 49a616 (base 12) in base 3?
2020222020200
-10101001000111111 (base 2) to base 6
-1504515
What is -4954a (base 16) in base 15?
-5dee2
287335 (base 9) to base 11
110228
fbc21 (base 16) to base 6
34034025
What is -1061416 (base 7) in base 15?
-29457
What is 7451a (base 12) in base 14?
3d98a
What is 10b525 (base 14) in base 13?
16bccb
-143224043 (base 5) to base 10
-758023
36697 (base 13) to base 3
12002011211
What is -515672 (base 8) in base 15?
-359ad
-22455327 (base 8) to base 6
-252235451
What is 72a45b (base 13) in base 15?
37db30
What is 1110013103 (base 4) in base 11?
215940
What is -73245 (base 9) in base 8?
-136275
What is 620461 (base 7) in base 9?
171217
What is 2454068 (base 9) in base 12?
5445a5
Convert -25b22 (base 14) to base 13.
-33299
Convert -10033010321 (base 4) to base 16.
-10f139
What is 2825218 (base 11) in base 15?
662453
What is -731559 (base 10) in base 6?
-23402503
What is -101010010100111100110 (base 2) in base 8?
-5224746
What is a586c9 (base 14) in base 2?
10101010101101000011001
302331211 (base 4) to base 11
132915
24335551 (base 6) to base 14
162615
What is 34610350 (base 7) in base 12?
1029b4a
What is -40402152 (base 6) in base 11?
-717030
65706 (base 10) to base 15
14706
Convert -5a225 (base 12) to base 11.
-83132
Convert 20c470 (base 14) to base 2.
100001110110111010010
What is -66621 (base 9) in base 15?
-d19a
Convert -5536663 (base 7) to base 16.
-a6798
What is -50549 (base 12) in base 16?
-19809
Convert -453312 (base 9) to base 16.
-42452
-895a55 (base 11) to base 2
-101011100101010000110
56937a (base 15) to base 9
7686667
What is -78a9 (base 15) in base 10?
-25584
What is 1020630 (base 7) in base 13?
43b57
-1805516 (base 12) to base 9
-10338470
-4118486 (base 11) to base 15
-98a027
-217e68 (base 15) to base 2
-110000101101101011000
Convert 4244104 (base 5) to base 6.
1312151
86443 (base 11) to base 15
27365
What is 128447 (base 9) in base 6?
1402454
Convert -4411272 (base 8) to base 15.
-185e2c
Convert -2211d (base 15) to base 10.
-108253
What is -12db3 (base 16) in base 8?
-226663
15ca6 (base 13) to base 16
a2ee
-1aaa83 (base 14) to base 9
-1710181
What is -44103410 (base 5) in base 13?
-103436
-48777 (base 14) to base 10
-177093
What is 34432224 (base 5) in base 2?
1001100000100001100
-105ada5 (base 14) to base 10
-7751749
4bc0b2 (base 13) to base 7
21343120
Convert 3a2557 (base 14) to base 16.
1e94d1
What is 93276 (base 11) in base 12?
66907
What is -2212311 (base 5) in base 8?
-113070
What is -103100310 (base 4) in base 13?
-29bb3
2154035 (base 7) to base 13
93b09
2e493 (base 16) to base 14
4d13d
What is cbc93c (base 16) in base 9?
27115048
What is -923a (base 14) in base 11?
-17985
What is -937902 (base 13) in base 10?
-3444222
What is 134420214 (base 5) in base 10?
701309
1003a9a (base 12) to base 14
57c902
Convert 124245105 (base 7) to base 10.
7927470
Convert -102204 (base 5) to base 7.
-12666
What is -46baa (base 14) in base 12?
-83956
-272552 (base 8) to base 5
-11024334
111002022 (base 4) to base 9
141156
What is -13437224 (base 8) in base 13?
-8215cc
5343050 (base 6) to base 12
107a86
-202110100000 (base 3) to base 4
-1202103123
Convert -3c93 (base 15) to base 9.
-18703
Convert 10635030 (base 7) to base 10.
933324
Convert 112133410 (base 5) to base 9.
850344
Convert -4314244 (base 6) to base 9.
-353081
-173a04 (base 12) to base 9
-670474
-3b11c (base 15) to base 3
-100121121100
-14221311 (base 5) to base 12
-71a0b
-10023270 (base 8) to base 6
-113054532
What is -20100000 (base 5) in base 8?
-467217
Convert 224015345 (base 6) to base 9.
7651402
Convert 15701310 (base 9) to base 3.
112210001100100
1d9084 (base 15) to base 13
3b9107
-2314354 (base 7) to base 12
-11b77a
What is 20112103 (base 4) in base 7?
201460
What is 2644b7 (base 12) in base 10?
629707
Convert -174637 (base 9) to base 10.
-108412
-23013214 (base 5) to base 4
-301312120
What is 420334133 (base 5) in base 10?
1730543
-33a8b (base 13) to base 2
-10110111101111111
Convert 1101202002200 (base 3) to base 10.
742923
Convert 101110111101 (base 2) to base 7.
11522
-111324240 (base 6) to base 2
-111110000010111000000
What is 97538 (base 13) in base 11?
177393
What is 31737 (base 8) in base 3?
200012211
2121022220210 (base 3) to base 2
101010001111101110111
What is 23154134 (base 6) in base 5?
140340033
What is 1018f4 (base 16) in base 10?
1054964
3201810 (base 9) to base 10
1713807
Convert 4a7538 (base 12) to base 4.
10220300330
-540533 (base 7) to base 14
-2631a
What is 200ba (base 12) in base 16?
a28e
Convert -1554376 (base 8) to base 13.
-129356
23302020 (base 6) to base 12
2aa910
2144221 (base 8) to base 7
4615142
What is 1320105 (base 8) in base 14?
98525
Convert -3112203320 (base 4) to base 11.
-550316
Convert -1000001101100000 (base 2) to base 9.
-51118
-81780 (base 11) to base 13
-42462
What is 3202102 (base 5) in base 7?
311456
What is -22d5d (base 14) in base 13?
-2c889
Convert -141014421 (base 5) to base 6.
-23233134
Convert 6e9034 (base 16) to base 10.
7245876
Convert -12033202000 (base 4) to base 6.
-55024144
424617 (base 8) to base 6
3012023
-61c51 (base 13) to base 6
-3433121
Convert -b16a6b (base 12) to base 11.
-1621a81
Convert -10432402203 (base 5) to base 9.
-23750170
What is 1021201122102 (base 3) in base 14?
13b167
Convert -18a8953 (base 14) to base 15.
-111ba52
What is 2287061 (base 9) in base 10?
1238626
What is -1011000010000110000 (base 2) in base 13?
-c8723
Convert -13431246 (base 8) to base 2.
-1011100011001010100110
What is 821653 (base 9) in base 4?
1312311321
Convert 172743 (base 11) to base 2.
1000001001101010110
What is -415ab (base 15) in base 11?
-131709
-2642314 (base 7) to base 13
-c19a8
Convert 30033124 (base 6) to base 15.
11a2d1
12211221102212 (base 3) to base 8
13667650
Convert -1134c3 (base 13) to base 14.
-a85d6
2c029a (base 13) to base 11
681846
-9d27d6 (base 16) to base 6
-1004430102
-1647199 (base 10) to base 3
-10002200112101
Convert 1b61067 (base 14) to base 12.
46b806b
-37d12 (base 16) to base 6
-4522242
What is -374698 (base 10) in base 9?
-630881
Convert 2122110002 (base 3) to base 6.
1041045
What is 5ba781 (base 12) in base 8?
5537321
-262628 (base 9) to base 16
-26eca
Convert 3037354 (base 12) to base 4.
202131100300
What is 1350a (base 15) in base 10?
61885
-1379b4 (base 13) to base 8
-1635647
1085a (base 11) to base 7
63461
What is -10234000 (base 5) in base 3?
-11101222222
What is 41c4 (base 15) in base 8?
33125
-692101 (base 11) to base 8
-4146073
What is 54a017 (base 11) in base 3?
1122120012221
What is -11010001000100001100 (base 2) in base 7?
-10164411
-d945b (base 16) to base 15
-128a4c
What is -3dc605 (base 14) in base 13?
-5a2310
Convert -3f98d (base 16) to base 12.
-1068b9
Convert 171853 (base 11) to base 10.
265895
Convert 39f08 (base 16) to base 2.
111001111100001000
-10020021001121 (base 3) to base 8
-6432477
What is -7843b8 (base 12) in base